{"id":81,"date":"2013-10-24T09:19:23","date_gmt":"2013-10-24T09:19:23","guid":{"rendered":"http:\/\/hermandadesperanzaarahal.es\/blog\/?page_id=392"},"modified":"2020-12-15T11:42:52","modified_gmt":"2020-12-15T11:42:52","slug":"392-2","status":"publish","type":"page","link":"https:\/\/hermandadesperanzaarahal.es\/blog\/392-2\/","title":{"rendered":"PARROQUIA DE SANTA MAR\u00cdA MAGDALENA"},"content":{"rendered":"<div style=\"text-align: justify;\" align=\"center\"><img decoding=\"async\" class=\"alignleft\" title=\"Parroquia Santa Mar\u00eda Magdalena\" src=\"http:\/\/www.hermandadesperanzaarahal.es\/images\/sede_00.jpg\" alt=\"\" \/><\/div>\n<p><img loading=\"lazy\" decoding=\"async\" class=\"wp-image-2334 alignleft\" src=\"http:\/\/hermandadesperanzaarahal.es\/blog\/wp-content\/uploads\/2020\/09\/parroquia-scaled.jpg\" alt=\"\" width=\"396\" height=\"569\" srcset=\"https:\/\/hermandadesperanzaarahal.es\/blog\/wp-content\/uploads\/2020\/09\/parroquia-scaled.jpg 1780w, https:\/\/hermandadesperanzaarahal.es\/blog\/wp-content\/uploads\/2020\/09\/parroquia-209x300.jpg 209w, https:\/\/hermandadesperanzaarahal.es\/blog\/wp-content\/uploads\/2020\/09\/parroquia-712x1024.jpg 712w, https:\/\/hermandadesperanzaarahal.es\/blog\/wp-content\/uploads\/2020\/09\/parroquia-768x1104.jpg 768w, https:\/\/hermandadesperanzaarahal.es\/blog\/wp-content\/uploads\/2020\/09\/parroquia-1068x1536.jpg 1068w, https:\/\/hermandadesperanzaarahal.es\/blog\/wp-content\/uploads\/2020\/09\/parroquia-1424x2048.jpg 1424w, https:\/\/hermandadesperanzaarahal.es\/blog\/wp-content\/uploads\/2020\/09\/parroquia-624x897.jpg 624w\" sizes=\"auto, (max-width: 396px) 100vw, 396px\" \/><\/p>\n<p style=\"text-align: justify;\">Esta iglesia presenta en primer lugar un indudable valor social por se la iglesia matriz de Arahal.<\/p>\n<p style=\"text-align: justify;\">Fue erigido bajo la advocaci\u00f3n de Mar\u00eda de Magdala, cuyo patronazgo se remonta al 22 de Julio de 1248, d\u00eda de la Santa, en que la tradici\u00f3n acepta que el rey Fernando III El Santo entr\u00f3 en el lugar de Arahal, conquist\u00e1ndolo para Castilla.<\/p>\n<p style=\"text-align: justify;\">Pr\u00e1cticamente la totalidad de la iglesia que hoy conocemos data del a\u00f1o 1800 y ocupa el solar donde se erig\u00eda el templo primitivo, que era de corte mud\u00e9jar y con tres naves.<\/p>\n<p style=\"text-align: justify;\">Las obras de esta parroquia comenzaron con el derribo de la anterior en el a\u00f1o 1785 y se terminaron en 1800, siendo costeadas por D. Pedro T\u00e9llez Alc\u00e1ntara, IX Duque de Osuna. Se considera el templo m\u00e1s suntuoso de los que existen en Arahal.<\/p>\n<p style=\"text-align: justify;\">Su estilo es neocl\u00e1sico. Su constructor fue Lucas Cintora (arquitecto de renombre en aquella \u00e9poca). Esta obra le vali\u00f3 para consagrarse como uno de los m\u00e1s geniales constructores de su periodo, estando esta obra suya catalogada como la m\u00e1s amplia de la Di\u00f3cesis. Otro constructor que intervino fue Fernando Rosales. Los planos b\u00e1sicos son atribuidos a Juli\u00e1n Barcenilla.<\/p>\n<p style=\"text-align: justify;\">El templo lo forman tres amplias naves de cuatro tramos cada una, crucero y \u00e1bside, que da paso al coro, compuesto de siller\u00eda plateresca, producto del maestro tallista, vecino de Paradas, Jos\u00e9 Victorino Casaus, en el a\u00f1o 1769 (exist\u00eda otro conjunto de coro anterior que trabaj\u00f3 Juan de Oviedo en 1600). La caja del \u00f3rgano la realiz\u00f3 el mismo Victorino Casaus y la maquinaria sali\u00f3 del taller del maestro organero Francisco P\u00e9rez de Valladolid en 1759 (Arch. Arz. Leg. 201\/3).<\/p>\n<p><span style=\"text-decoration: underline;\"><strong>Planta y Alzado del templo<\/strong><\/span><\/p>\n<p>La f\u00e1brica del imponente edificio est\u00e1 sostenida por magn\u00edficos pilares cuadrangulares que apean arcos de medio punto, que separan las naves, sobre los que descansan las b\u00f3vedas que cubren los tramos que dividen el templo. El crucero se corona por una magn\u00edfica c\u00fapula semiesf\u00e9rica.<\/p>\n<p style=\"text-align: justify;\">Exteriormente, los contrarrestos se realizan por contrafuertes de l\u00edneas t\u00edpicas de la centuria. La decoraci\u00f3n es propiamente cl\u00e1sica, constituida por pilastras toscanas, cuyos frisos lucen triglifos y metopas. A pesar de la sencillez, la combinaci\u00f3n de todos los elementos la dotan de una gran armon\u00eda y variedad.<\/p>\n<p style=\"text-align: justify;\">El altar mayor se encuentra presidido por la imagen titular, tra\u00edda de Barcelona el mismo a\u00f1o de la inauguraci\u00f3n del templo. Es una escultura de gran tama\u00f1o, en cuyo pedestal se lee: \u00abAntonio Marzal F. Natural de Valencia, a\u00f1o 1800\u00bb. Le sirve de fondo una b\u00f3veda de cuarto de esfera que apea en columnas d\u00f3ricas, estucadas, de sobria robustez y prestancia.<\/p>\n<div style=\"text-align: justify;\" align=\"center\">\n<div align=\"center\"><img decoding=\"async\" class=\"aligncenter\" title=\"Plano alzado longitudinal\" src=\"http:\/\/www.hermandadesperanzaarahal.es\/images\/sede_03.gif\" alt=\"\" \/><\/div>\n<\/div>\n<p style=\"text-align: justify;\">Los retablos laterales son de l\u00ednea cl\u00e1sica, algunos de ellos de reciente construcci\u00f3n. Los dos de la Esperanza, labrados en 1820 y 1880, en ambas naves laterales, fueron reparados hace pocos a\u00f1os por algunos de los hermanos de esta Hermandad. El antiguo retablo de Las \u00c1nimas, que acog\u00eda un cuadro sobre lienzo de grandes dimensiones de autor desconocido (que actualmente se encuentra en el presbiterio en el lado del evangelio), ha sido restaurado y reformado por el artesano local Jos\u00e9 Mar\u00eda Gamboa, para la reorganizada hermandad de la Veracruz.<\/p>\n<p style=\"text-align: justify;\">La portada principal, de gran monumentalidad, presenta dos cuerpos y \u00e1tico. Y sus componentes responden a los repetidos \u00f3rdenes toscano y j\u00f3nico.<\/p>\n<p style=\"text-align: justify;\">En la nave del Evangelio se abre una portada a la calle Marchena con el vano flanqueado por columnas toscanas, y coronado por front\u00f3n triangular. La portada de la ep\u00edstola permite el acceso desde la casa rectora y es m\u00e1s sencilla.<\/p>\n<p style=\"text-align: justify;\">La torre es de ladrillo y, en parte, proviene de la antigua edificaci\u00f3n. Posee elementos toscanos en el primer cuerpo y j\u00f3nicos en el segundo, rematada con sencillo y esbelto capitel. El cuerpo de campanas est\u00e1 decorado con cer\u00e1mica de los siglos XVI y XVII, restos de antiguos derribos. Se conserva una antigua inscripci\u00f3n en la que se lee que fue restaurada en 1898, por Jos\u00e9 Espina. Y en el archivo general del arzobispado constan datos de que en 1780 el maestro Vicente Falc\u00f3 fundi\u00f3 una campana para ella.<\/p>\n<p style=\"text-align: justify;\">La capilla Sacramental, de 1766, aunque de alzado m\u00e1s barroco, no disiente de los caracteres generales del resto del edificio. A los pies de la nave de la ep\u00edstola, es de planta rectangular, con dos tramos. El primero, cuadrado, con b\u00f3veda semiesf\u00e9rica y el segundo, rectangular, con b\u00f3veda de ca\u00f1\u00f3n con lunetos. En el archivo del Arzobispado consta que en 1763, la hermandad del Sant\u00edsimo Sacramento se dirigi\u00f3 al provisor en solicitud de licencia para labrar una capilla. El maestro mayor de f\u00e1bricas del arzobispado, Ambrosio de Figueroa, informa, en 20 de abril del mismo a\u00f1o, sobre la forma, lugar y costo de la capilla. \u00c9l fue a su vez autor del dise\u00f1o. La obra de arquitectura la ejecut\u00f3 el maestro alarife Pedro \u00c1lvarez, y el retablo y decoraci\u00f3n de la b\u00f3veda, Francisco Casaus. Las partes doradas las efectu\u00f3 Alonso de Burgos, maestro en dicho oficio. Cuando se inici\u00f3 el derribo de la antigua iglesia de la Magdalena, Lucas Cintora respet\u00f3 la capilla trazada por Figueroa, pero es muy posible que efectuase alguna remodelaci\u00f3n.<\/p>\n<p style=\"text-align: justify;\"><span style=\"text-decoration: underline;\"><strong>Relaci\u00f3n de obras art\u00edsticas<\/strong><\/span><\/p>\n<p style=\"text-align: justify;\"><b>Capilla Mayor<\/b>: Para el servicio del coro conserva la parroquia buena colecci\u00f3n de libros corales. Son los siguientes: Dos del siglo XVI (0&#8217;50&#215;0&#8217;33m.), nueve del siglo XVII (0&#8217;56&#215;0&#8217;41m. y 0&#8217;65&#215;0&#8217;43m.), dos del siglo XVIII (0&#8217;50&#215;0&#8217;37m. y 0&#8217;65&#215;0&#8217;43m.).<\/p>\n<p style=\"text-align: justify;\"><b>Naves laterales<\/b>: La Inmaculada de la capilla sacramental, obra del siglo XVIII, que hoy se encuentra en uno de los pilares de la embocadura de la capilla mayor, en la nave del evangelio, y varias copias de pinturas murillescas.<\/p>\n<p style=\"text-align: justify;\"><b>Sacrist\u00eda<\/b>: Existe una buena cajoner\u00eda y dos armarios del siglo XVIII.<\/p>\n<p style=\"text-align: justify;\"><b>La pila bautismal<\/b>: De jaspe, la realiz\u00f3 el maestro cantero Toribio Fern\u00e1ndez.<\/p>\n<p style=\"text-align: justify;\"><b>Orfebrer\u00eda<\/b>:<\/p>\n<p style=\"text-align: justify;\"><span style=\"text-decoration: underline;\">De la decimosexta centuria se conservan:<\/span><\/p>\n<ul>\n<li style=\"text-align: justify;\">Dos copones de plata dorada, decorado uno de ellos con botones de esmalte, de inicios y finales del siglo.<\/li>\n<\/ul>\n<ul>\n<li style=\"text-align: justify;\">Cruz parroquial de plata dorada, sin duda la mejor pieza de la colecci\u00f3n, el fin\u00edsimo cincelado de sus bellos relieves de gran sabor cl\u00e1sico, nos inducen a creerla ejecutada hacia 1580. La cruz propiamente dicha tiene una altura de 0&#8217;60m., y apoya sobre un templete que alberga bajo sus cuatro frontones otros tantos relieves, cuyos asuntos son los siguientes: Oraci\u00f3n en el huerto, Jes\u00fas atado a la columna, Ascensi\u00f3n y Beso de Judas. Las r\u00e1fagas son modernas, de metal, seg\u00fan se deduce de la documentaci\u00f3n, el Crucifijo lo hizo Alfaro en 1599.<\/li>\n<\/ul>\n<p style=\"text-align: justify;\"><em>Del siglo XVII:<\/em><\/p>\n<ul>\n<li style=\"text-align: justify;\">Entre una gran variedad de admin\u00edculos lit\u00fargicos, destacan dos varas de pertigueros, de plata repujada, del primer cuarto de siglo. Miden 1&#8217;63m.<\/li>\n<\/ul>\n<p style=\"text-align: justify;\"><em>De la centuria siguiente:<\/em><\/p>\n<ul>\n<li style=\"text-align: justify;\">Cop\u00f3n de plata dorada con aplicaciones del mismo metal, simulando como una red que envuelve todo el vaso y pie con una labor calada de motivos rocalla. A\u00fan cuando lo declara un r\u00f3tulo que lleva en el interior del pie, el estilo es claramente colonial. Era propiedad del convento de San Roque. Inscripci\u00f3n: \u00abSe hizo en Guathemala, en 1775. Lo trajo d. Joseph Fern\u00e1ndez Baena natural de esta villa y lo regal\u00f3 a este convento de San Roque. Su art\u00edfice Pedro Valenzuela.\u00bb<\/li>\n<\/ul>\n<ul>\n<li style=\"text-align: justify;\">\u00a0Juego de altar de plata repujada, compuesto de cruz de altar (0&#8217;94m.), tres sacras, dos atriles, una naveta, seis blandones (0&#8217;83m.) y dos ciriales (2&#8217;10m.). Los punzones son los siguientes: V.Gargallo Garc\u00eda y NO-DO. Hecho en 1796. Archivo parroquial: a\u00fan cuando fue diezmado en los sucesos del treinta y seis, se conservan numerosos libros, de los cuales es el m\u00e1s antiguo, uno de f\u00e1brica de 1575 y otro de escrituras de propios que empieza en 1568. El de casamientos se abre en 1551. Se conservan dos libritos muy interesantes: \u00abIlustraci\u00f3n y publicaci\u00f3n de los diez y siete secretos del Doctor Juan Curvo Semmedo\u00bb, del doctor don Francisco Su\u00e1rez de Rivera. Madrid 1732. Y \u00abPoes\u00edas de Melchor D\u00edaz de Toledo\u00bb, Sevilla a\u00f1o MDCCLXXVI. En la imprenta de Manuel Nicol\u00e1s V\u00e1zquez y Compa\u00f1\u00eda. Ambos en pergamino.<\/li>\n<\/ul>\n","protected":false},"excerpt":{"rendered":"<p>Esta iglesia presenta en primer lugar un indudable valor social por se la iglesia matriz de Arahal. Fue erigido bajo la advocaci\u00f3n de Mar\u00eda de Magdala, cuyo patronazgo se remonta al 22 de Julio de 1248, d\u00eda de la Santa, en que la tradici\u00f3n acepta que el rey Fernando III El Santo entr\u00f3 en el [&hellip;]<\/p>\n","protected":false},"author":1,"featured_media":0,"parent":0,"menu_order":0,"comment_status":"closed","ping_status":"closed","template":"","meta":{"_editorskit_title_hidden":false,"_editorskit_reading_time":5,"_editorskit_is_block_options_detached":false,"_editorskit_block_options_position":"{}","footnotes":""},"class_list":["post-81","page","type-page","status-publish","hentry"],"yoast_head":"<!-- This site is optimized with the Yoast SEO plugin v24.7 - https:\/\/yoast.com\/wordpress\/plugins\/seo\/ -->\n<title>PARROQUIA DE SANTA MAR\u00cdA MAGDALENA<\/title>\n<meta name=\"description\" content=\"Esta iglesia presenta en primer lugar un indudable valor social por se la iglesia matriz de Arahal. Fue erigido bajo la advocaci\u00f3n de Mar\u00eda de Magdala,\" \/>\n<meta name=\"robots\" content=\"index, follow, max-snippet:-1, max-image-preview:large, max-video-preview:-1\" \/>\n<link rel=\"canonical\" href=\"https:\/\/hermandadesperanzaarahal.es\/blog\/392-2\/\" \/>\n<meta property=\"og:locale\" content=\"es_ES\" \/>\n<meta property=\"og:type\" content=\"article\" \/>\n<meta property=\"og:title\" content=\"PARROQUIA DE SANTA MAR\u00cdA MAGDALENA\" \/>\n<meta property=\"og:description\" content=\"Esta iglesia presenta en primer lugar un indudable valor social por se la iglesia matriz de Arahal. Fue erigido bajo la advocaci\u00f3n de Mar\u00eda de Magdala,\" \/>\n<meta property=\"og:url\" content=\"https:\/\/hermandadesperanzaarahal.es\/blog\/392-2\/\" \/>\n<meta property=\"og:site_name\" content=\"Real Hermandad Sacramental del Sant\u00edsimo Cristo de la Esperanza, Nuestra Se\u00f1ora de las Angustias, San Juan Evangelista y Santa Mar\u00eda Magdalena\" \/>\n<meta property=\"article:publisher\" content=\"https:\/\/www.facebook.com\/RealHermandadEsperanzaDeArahal\" \/>\n<meta property=\"article:modified_time\" content=\"2020-12-15T11:42:52+00:00\" \/>\n<meta property=\"og:image\" content=\"http:\/\/www.hermandadesperanzaarahal.es\/images\/sede_00.jpg\" \/>\n<meta name=\"twitter:card\" content=\"summary_large_image\" \/>\n<meta name=\"twitter:site\" content=\"@hesperanzarahal\" \/>\n<meta name=\"twitter:label1\" content=\"Tiempo de lectura\" \/>\n\t<meta name=\"twitter:data1\" content=\"7 minutos\" \/>\n<script type=\"application\/ld+json\" class=\"yoast-schema-graph\">{\"@context\":\"https:\/\/schema.org\",\"@graph\":[{\"@type\":\"WebPage\",\"@id\":\"https:\/\/hermandadesperanzaarahal.es\/blog\/392-2\/\",\"url\":\"https:\/\/hermandadesperanzaarahal.es\/blog\/392-2\/\",\"name\":\"PARROQUIA DE SANTA MAR\u00cdA MAGDALENA\",\"isPartOf\":{\"@id\":\"https:\/\/hermandadesperanzaarahal.es\/blog\/#website\"},\"primaryImageOfPage\":{\"@id\":\"https:\/\/hermandadesperanzaarahal.es\/blog\/392-2\/#primaryimage\"},\"image\":{\"@id\":\"https:\/\/hermandadesperanzaarahal.es\/blog\/392-2\/#primaryimage\"},\"thumbnailUrl\":\"http:\/\/www.hermandadesperanzaarahal.es\/images\/sede_00.jpg\",\"datePublished\":\"2013-10-24T09:19:23+00:00\",\"dateModified\":\"2020-12-15T11:42:52+00:00\",\"description\":\"Esta iglesia presenta en primer lugar un indudable valor social por se la iglesia matriz de Arahal. Fue erigido bajo la advocaci\u00f3n de Mar\u00eda de Magdala,\",\"breadcrumb\":{\"@id\":\"https:\/\/hermandadesperanzaarahal.es\/blog\/392-2\/#breadcrumb\"},\"inLanguage\":\"es\",\"potentialAction\":[{\"@type\":\"ReadAction\",\"target\":[\"https:\/\/hermandadesperanzaarahal.es\/blog\/392-2\/\"]}]},{\"@type\":\"ImageObject\",\"inLanguage\":\"es\",\"@id\":\"https:\/\/hermandadesperanzaarahal.es\/blog\/392-2\/#primaryimage\",\"url\":\"http:\/\/www.hermandadesperanzaarahal.es\/images\/sede_00.jpg\",\"contentUrl\":\"http:\/\/www.hermandadesperanzaarahal.es\/images\/sede_00.jpg\"},{\"@type\":\"BreadcrumbList\",\"@id\":\"https:\/\/hermandadesperanzaarahal.es\/blog\/392-2\/#breadcrumb\",\"itemListElement\":[{\"@type\":\"ListItem\",\"position\":1,\"name\":\"Portada\",\"item\":\"https:\/\/hermandadesperanzaarahal.es\/blog\/\"},{\"@type\":\"ListItem\",\"position\":2,\"name\":\"PARROQUIA DE SANTA MAR\u00cdA MAGDALENA\"}]},{\"@type\":\"WebSite\",\"@id\":\"https:\/\/hermandadesperanzaarahal.es\/blog\/#website\",\"url\":\"https:\/\/hermandadesperanzaarahal.es\/blog\/\",\"name\":\"Web Oficial de la Real Hermandad Sacramental y Cofrad\u00eda de Nazarenos del Sant\u00edsimo Cristo de la Esperanza, Nuestra Se\u00f1ora de las Angustias, San Juan Evangelista y Santa Mar\u00eda Magdalena de Arahal (Sevilla).\",\"description\":\"Web Oficial de la Real Hermandad Sacramental y Cofrad\u00eda de Nazarenos del Sant\u00edsimo Cristo de la Esperanza, Nuestra Se\u00f1ora de las Angustias, San Juan Evangelista y Santa Mar\u00eda Magdalena de Arahal (Sevilla).\",\"publisher\":{\"@id\":\"https:\/\/hermandadesperanzaarahal.es\/blog\/#organization\"},\"alternateName\":\"Real Hermandad Sacramental y Cofrad\u00eda de Nazarenos del Sant\u00edsimo Cristo de la Esperanza, Nuestra Se\u00f1ora de las Angustias, San Juan Evangelista y Santa Mar\u00eda Magdalena de Arahal (Sevilla)\",\"potentialAction\":[{\"@type\":\"SearchAction\",\"target\":{\"@type\":\"EntryPoint\",\"urlTemplate\":\"https:\/\/hermandadesperanzaarahal.es\/blog\/?s={search_term_string}\"},\"query-input\":{\"@type\":\"PropertyValueSpecification\",\"valueRequired\":true,\"valueName\":\"search_term_string\"}}],\"inLanguage\":\"es\"},{\"@type\":\"Organization\",\"@id\":\"https:\/\/hermandadesperanzaarahal.es\/blog\/#organization\",\"name\":\"Real Hermandad Sacramental del Sant\u00edsimo Cristo de la Esperanza, Nuestra Se\u00f1ora de las Angustias, San Juan Evangelista y Santa Mar\u00eda Magdalena\",\"alternateName\":\"Real Hermandad Sacramental del Sant\u00edsimo Cristo de la Esperanza - Arahal (Sevilla)\",\"url\":\"https:\/\/hermandadesperanzaarahal.es\/blog\/\",\"logo\":{\"@type\":\"ImageObject\",\"inLanguage\":\"es\",\"@id\":\"https:\/\/hermandadesperanzaarahal.es\/blog\/#\/schema\/logo\/image\/\",\"url\":\"https:\/\/hermandadesperanzaarahal.es\/blog\/wp-content\/uploads\/2021\/03\/ESCUDO-HERMANDAD-ESPERANZA-ARAHAL.png\",\"contentUrl\":\"https:\/\/hermandadesperanzaarahal.es\/blog\/wp-content\/uploads\/2021\/03\/ESCUDO-HERMANDAD-ESPERANZA-ARAHAL.png\",\"width\":1793,\"height\":2472,\"caption\":\"Real Hermandad Sacramental del Sant\u00edsimo Cristo de la Esperanza, Nuestra Se\u00f1ora de las Angustias, San Juan Evangelista y Santa Mar\u00eda Magdalena\"},\"image\":{\"@id\":\"https:\/\/hermandadesperanzaarahal.es\/blog\/#\/schema\/logo\/image\/\"},\"sameAs\":[\"https:\/\/www.facebook.com\/RealHermandadEsperanzaDeArahal\",\"https:\/\/x.com\/hesperanzarahal\"]}]}<\/script>\n<!-- \/ Yoast SEO plugin. -->","yoast_head_json":{"title":"PARROQUIA DE SANTA MAR\u00cdA MAGDALENA","description":"Esta iglesia presenta en primer lugar un indudable valor social por se la iglesia matriz de Arahal. Fue erigido bajo la advocaci\u00f3n de Mar\u00eda de Magdala,","robots":{"index":"index","follow":"follow","max-snippet":"max-snippet:-1","max-image-preview":"max-image-preview:large","max-video-preview":"max-video-preview:-1"},"canonical":"https:\/\/hermandadesperanzaarahal.es\/blog\/392-2\/","og_locale":"es_ES","og_type":"article","og_title":"PARROQUIA DE SANTA MAR\u00cdA MAGDALENA","og_description":"Esta iglesia presenta en primer lugar un indudable valor social por se la iglesia matriz de Arahal. Fue erigido bajo la advocaci\u00f3n de Mar\u00eda de Magdala,","og_url":"https:\/\/hermandadesperanzaarahal.es\/blog\/392-2\/","og_site_name":"Real Hermandad Sacramental del Sant\u00edsimo Cristo de la Esperanza, Nuestra Se\u00f1ora de las Angustias, San Juan Evangelista y Santa Mar\u00eda Magdalena","article_publisher":"https:\/\/www.facebook.com\/RealHermandadEsperanzaDeArahal","article_modified_time":"2020-12-15T11:42:52+00:00","og_image":[{"url":"http:\/\/www.hermandadesperanzaarahal.es\/images\/sede_00.jpg","type":"","width":"","height":""}],"twitter_card":"summary_large_image","twitter_site":"@hesperanzarahal","twitter_misc":{"Tiempo de lectura":"7 minutos"},"schema":{"@context":"https:\/\/schema.org","@graph":[{"@type":"WebPage","@id":"https:\/\/hermandadesperanzaarahal.es\/blog\/392-2\/","url":"https:\/\/hermandadesperanzaarahal.es\/blog\/392-2\/","name":"PARROQUIA DE SANTA MAR\u00cdA MAGDALENA","isPartOf":{"@id":"https:\/\/hermandadesperanzaarahal.es\/blog\/#website"},"primaryImageOfPage":{"@id":"https:\/\/hermandadesperanzaarahal.es\/blog\/392-2\/#primaryimage"},"image":{"@id":"https:\/\/hermandadesperanzaarahal.es\/blog\/392-2\/#primaryimage"},"thumbnailUrl":"http:\/\/www.hermandadesperanzaarahal.es\/images\/sede_00.jpg","datePublished":"2013-10-24T09:19:23+00:00","dateModified":"2020-12-15T11:42:52+00:00","description":"Esta iglesia presenta en primer lugar un indudable valor social por se la iglesia matriz de Arahal. Fue erigido bajo la advocaci\u00f3n de Mar\u00eda de Magdala,","breadcrumb":{"@id":"https:\/\/hermandadesperanzaarahal.es\/blog\/392-2\/#breadcrumb"},"inLanguage":"es","potentialAction":[{"@type":"ReadAction","target":["https:\/\/hermandadesperanzaarahal.es\/blog\/392-2\/"]}]},{"@type":"ImageObject","inLanguage":"es","@id":"https:\/\/hermandadesperanzaarahal.es\/blog\/392-2\/#primaryimage","url":"http:\/\/www.hermandadesperanzaarahal.es\/images\/sede_00.jpg","contentUrl":"http:\/\/www.hermandadesperanzaarahal.es\/images\/sede_00.jpg"},{"@type":"BreadcrumbList","@id":"https:\/\/hermandadesperanzaarahal.es\/blog\/392-2\/#breadcrumb","itemListElement":[{"@type":"ListItem","position":1,"name":"Portada","item":"https:\/\/hermandadesperanzaarahal.es\/blog\/"},{"@type":"ListItem","position":2,"name":"PARROQUIA DE SANTA MAR\u00cdA MAGDALENA"}]},{"@type":"WebSite","@id":"https:\/\/hermandadesperanzaarahal.es\/blog\/#website","url":"https:\/\/hermandadesperanzaarahal.es\/blog\/","name":"Web Oficial de la Real Hermandad Sacramental y Cofrad\u00eda de Nazarenos del Sant\u00edsimo Cristo de la Esperanza, Nuestra Se\u00f1ora de las Angustias, San Juan Evangelista y Santa Mar\u00eda Magdalena de Arahal (Sevilla).","description":"Web Oficial de la Real Hermandad Sacramental y Cofrad\u00eda de Nazarenos del Sant\u00edsimo Cristo de la Esperanza, Nuestra Se\u00f1ora de las Angustias, San Juan Evangelista y Santa Mar\u00eda Magdalena de Arahal (Sevilla).","publisher":{"@id":"https:\/\/hermandadesperanzaarahal.es\/blog\/#organization"},"alternateName":"Real Hermandad Sacramental y Cofrad\u00eda de Nazarenos del Sant\u00edsimo Cristo de la Esperanza, Nuestra Se\u00f1ora de las Angustias, San Juan Evangelista y Santa Mar\u00eda Magdalena de Arahal (Sevilla)","potentialAction":[{"@type":"SearchAction","target":{"@type":"EntryPoint","urlTemplate":"https:\/\/hermandadesperanzaarahal.es\/blog\/?s={search_term_string}"},"query-input":{"@type":"PropertyValueSpecification","valueRequired":true,"valueName":"search_term_string"}}],"inLanguage":"es"},{"@type":"Organization","@id":"https:\/\/hermandadesperanzaarahal.es\/blog\/#organization","name":"Real Hermandad Sacramental del Sant\u00edsimo Cristo de la Esperanza, Nuestra Se\u00f1ora de las Angustias, San Juan Evangelista y Santa Mar\u00eda Magdalena","alternateName":"Real Hermandad Sacramental del Sant\u00edsimo Cristo de la Esperanza - Arahal (Sevilla)","url":"https:\/\/hermandadesperanzaarahal.es\/blog\/","logo":{"@type":"ImageObject","inLanguage":"es","@id":"https:\/\/hermandadesperanzaarahal.es\/blog\/#\/schema\/logo\/image\/","url":"https:\/\/hermandadesperanzaarahal.es\/blog\/wp-content\/uploads\/2021\/03\/ESCUDO-HERMANDAD-ESPERANZA-ARAHAL.png","contentUrl":"https:\/\/hermandadesperanzaarahal.es\/blog\/wp-content\/uploads\/2021\/03\/ESCUDO-HERMANDAD-ESPERANZA-ARAHAL.png","width":1793,"height":2472,"caption":"Real Hermandad Sacramental del Sant\u00edsimo Cristo de la Esperanza, Nuestra Se\u00f1ora de las Angustias, San Juan Evangelista y Santa Mar\u00eda Magdalena"},"image":{"@id":"https:\/\/hermandadesperanzaarahal.es\/blog\/#\/schema\/logo\/image\/"},"sameAs":["https:\/\/www.facebook.com\/RealHermandadEsperanzaDeArahal","https:\/\/x.com\/hesperanzarahal"]}]}},"_links":{"self":[{"href":"https:\/\/hermandadesperanzaarahal.es\/blog\/wp-json\/wp\/v2\/pages\/81","targetHints":{"allow":["GET"]}}],"collection":[{"href":"https:\/\/hermandadesperanzaarahal.es\/blog\/wp-json\/wp\/v2\/pages"}],"about":[{"href":"https:\/\/hermandadesperanzaarahal.es\/blog\/wp-json\/wp\/v2\/types\/page"}],"author":[{"embeddable":true,"href":"https:\/\/hermandadesperanzaarahal.es\/blog\/wp-json\/wp\/v2\/users\/1"}],"replies":[{"embeddable":true,"href":"https:\/\/hermandadesperanzaarahal.es\/blog\/wp-json\/wp\/v2\/comments?post=81"}],"version-history":[{"count":12,"href":"https:\/\/hermandadesperanzaarahal.es\/blog\/wp-json\/wp\/v2\/pages\/81\/revisions"}],"predecessor-version":[{"id":2345,"href":"https:\/\/hermandadesperanzaarahal.es\/blog\/wp-json\/wp\/v2\/pages\/81\/revisions\/2345"}],"wp:attachment":[{"href":"https:\/\/hermandadesperanzaarahal.es\/blog\/wp-json\/wp\/v2\/media?parent=81"}],"curies":[{"name":"wp","href":"https:\/\/api.w.org\/{rel}","templated":true}]}}