{"id":61,"date":"2013-10-17T16:48:40","date_gmt":"2013-10-17T16:48:40","guid":{"rendered":"http:\/\/hermandadesperanzaarahal.es\/blog\/?page_id=293"},"modified":"2020-12-15T11:42:52","modified_gmt":"2020-12-15T11:42:52","slug":"origenes","status":"publish","type":"page","link":"https:\/\/hermandadesperanzaarahal.es\/blog\/origenes\/","title":{"rendered":"OR\u00cdGENES"},"content":{"rendered":"<p style=\"text-align: justify;\">Identificar con cierto peso objetivo cu\u00e1les fueron los or\u00edgenes de la Hermandad de la Esperanza, y especialmente ubicar temporal o hist\u00f3ricamente sus inicios con precisi\u00f3n cronol\u00f3gica, es una tarea que bien gustar\u00eda resolver a cualquiera. Conocidas son tambi\u00e9n, y por otro lado, las doctrinas que defienden la g\u00e9nesis de nuestras Cofrad\u00edas incluso muy a principios del siglo XIV, y sus atisbos, a\u00fan m\u00e1s anteriores si cabe.<\/p>\n<p style=\"text-align: justify;\">Jos\u00e9 Francisco Gago, autor del libro \u00abApuntes para una historia de la Hermandad de la Esperanza de Arahal\u00bb, trabajo de recopilaci\u00f3n y documentaci\u00f3n de la historia de nuestra Hermandad publicado en 1.998 recoge en las p\u00e1ginas de la citada obra la existencia de un escrito del Palacio Arzobispal (1.678) en el que se decide sobre los lugares que deben ocupar las Cofrad\u00edas de Arahal en las procesiones oficiales y funciones p\u00fablicas, aludi\u00e9ndose de entre ellas a la Hermandad de los Treinta y Tres Hermanos, denominaci\u00f3n popular que se atribuy\u00f3 nuestra Hermandad principalmente durante el S. XVII y XVIII, a efectos de \u00abnumerus clausus\u00bb a la hora de regular los nuevos ingresos de hermanos en ella.<\/p>\n<p style=\"text-align: justify;\">Pero volviendo a ese documento, fechado, como decimos, en el a\u00f1o 1.678, y en el que Palacio se pronuncia acerca del pleito que manten\u00edan por esas fechas \u00ablas Cofrad\u00edas de San Juan Evangelista, los treinta y tres hermanos, San Antonio, Tr\u00e1nsito (&#8230;)\u00bb con la \u00abCofrad\u00eda de Nuestra Se\u00f1ora de la \u00bfLuz o Salud? (&#8230;)\u00bb, podemos observar, leyendo detenidamente, diversos hechos curiosos, al menos, as\u00ed lo parecen en principio:<br \/>\n1\u00ba) Que el Arzobispado advierte la existencia de una supuesta Hermandad con el t\u00edtulo principal de San Juan Evangelista, -imagen que es titular hoy d\u00eda de la Hermandad de la Esperanza-, y \u00bfotra de los Treinta y Tres Hermanos?.<br \/>\n2\u00ba) Que, y este es el factor m\u00e1s interesante, en 1.678, nuestra Hermandad entraba en litigio en defensa de los derechos que le otorgaba su posible antig\u00fcedad con otras Hermandades de Arahal, lo que, como bien afirmaba en su libro el citado Jos\u00e9 Francisco Gago, no es descabellado afirmar que la Esperanza, vulgo la Hermandad de los Treinta y Tres Hermanos, procede del primer tercio del S. XVII, algo que ya todos admit\u00edamos y conoc\u00edamos desde hace tiempo, por lo que no venimos a descubrir nada nuevo ahora.<\/p>\n<p style=\"text-align: justify;\">Sin embargo, podemos pensar igualmente que la denominaci\u00f3n de la Hermandad de San Juan Evangelista en el escrito del Arzobispado de 1.678, deb\u00eda referirse a la misma de la de los Treinta y Tres Hermanos, puesto que cinco a\u00f1os m\u00e1s tarde (1.683), el visitador del Arzobispado no cita a la Hermandad de San Juan Evangelista en la n\u00f3mina que enumeraba las existentes en la localidad. Listado de Hermandades que distingu\u00eda a la de los Treinta y Tres Hermanos, y otra Cofrad\u00eda nominada como \u00abla del Santo Cristo Crucificado\u00bb. Relevante es, en este sentido, el conocer que a finales del XVII, en Arahal existiesen dos Hermandades que profesaban su devoci\u00f3n a supuestos crucificados.<\/p>\n","protected":false},"excerpt":{"rendered":"<p>Identificar con cierto peso objetivo cu\u00e1les fueron los or\u00edgenes de la Hermandad de la Esperanza, y especialmente ubicar temporal o hist\u00f3ricamente sus inicios con precisi\u00f3n cronol\u00f3gica, es una tarea que bien gustar\u00eda resolver a cualquiera. Conocidas son tambi\u00e9n, y por otro lado, las doctrinas que defienden la g\u00e9nesis de nuestras Cofrad\u00edas incluso muy a principios [&hellip;]<\/p>\n","protected":false},"author":1,"featured_media":0,"parent":0,"menu_order":0,"comment_status":"closed","ping_status":"closed","template":"","meta":{"_editorskit_title_hidden":false,"_editorskit_reading_time":0,"_editorskit_is_block_options_detached":false,"_editorskit_block_options_position":"{}","footnotes":""},"class_list":["post-61","page","type-page","status-publish","hentry"],"yoast_head":"<!-- This site is optimized with the Yoast SEO plugin v24.7 - https:\/\/yoast.com\/wordpress\/plugins\/seo\/ -->\n<title>OR\u00cdGENES<\/title>\n<meta name=\"description\" content=\"Identificar con cierto peso objetivo cu\u00e1les fueron los or\u00edgenes de la Hermandad de la Esperanza, y especialmente ubicar temporal o hist\u00f3ricamente sus\" \/>\n<meta name=\"robots\" content=\"index, follow, max-snippet:-1, max-image-preview:large, max-video-preview:-1\" \/>\n<link rel=\"canonical\" href=\"https:\/\/hermandadesperanzaarahal.es\/blog\/origenes\/\" \/>\n<meta property=\"og:locale\" content=\"es_ES\" \/>\n<meta property=\"og:type\" content=\"article\" \/>\n<meta property=\"og:title\" content=\"OR\u00cdGENES\" \/>\n<meta property=\"og:description\" content=\"Identificar con cierto peso objetivo cu\u00e1les fueron los or\u00edgenes de la Hermandad de la Esperanza, y especialmente ubicar temporal o hist\u00f3ricamente sus\" \/>\n<meta property=\"og:url\" content=\"https:\/\/hermandadesperanzaarahal.es\/blog\/origenes\/\" \/>\n<meta property=\"og:site_name\" content=\"Real Hermandad Sacramental del Sant\u00edsimo Cristo de la Esperanza, Nuestra Se\u00f1ora de las Angustias, San Juan Evangelista y Santa Mar\u00eda Magdalena\" \/>\n<meta property=\"article:publisher\" content=\"https:\/\/www.facebook.com\/RealHermandadEsperanzaDeArahal\" \/>\n<meta property=\"article:modified_time\" content=\"2020-12-15T11:42:52+00:00\" \/>\n<meta property=\"og:image\" content=\"https:\/\/hermandadesperanzaarahal.es\/blog\/wp-content\/uploads\/2021\/03\/escudo512.jpg\" \/>\n\t<meta property=\"og:image:width\" content=\"512\" \/>\n\t<meta property=\"og:image:height\" content=\"512\" \/>\n\t<meta property=\"og:image:type\" content=\"image\/jpeg\" \/>\n<meta name=\"twitter:card\" content=\"summary_large_image\" \/>\n<meta name=\"twitter:site\" content=\"@hesperanzarahal\" \/>\n<meta name=\"twitter:label1\" content=\"Tiempo de lectura\" \/>\n\t<meta name=\"twitter:data1\" content=\"3 minutos\" \/>\n<script type=\"application\/ld+json\" class=\"yoast-schema-graph\">{\"@context\":\"https:\/\/schema.org\",\"@graph\":[{\"@type\":\"WebPage\",\"@id\":\"https:\/\/hermandadesperanzaarahal.es\/blog\/origenes\/\",\"url\":\"https:\/\/hermandadesperanzaarahal.es\/blog\/origenes\/\",\"name\":\"OR\u00cdGENES\",\"isPartOf\":{\"@id\":\"https:\/\/hermandadesperanzaarahal.es\/blog\/#website\"},\"datePublished\":\"2013-10-17T16:48:40+00:00\",\"dateModified\":\"2020-12-15T11:42:52+00:00\",\"description\":\"Identificar con cierto peso objetivo cu\u00e1les fueron los or\u00edgenes de la Hermandad de la Esperanza, y especialmente ubicar temporal o hist\u00f3ricamente sus\",\"breadcrumb\":{\"@id\":\"https:\/\/hermandadesperanzaarahal.es\/blog\/origenes\/#breadcrumb\"},\"inLanguage\":\"es\",\"potentialAction\":[{\"@type\":\"ReadAction\",\"target\":[\"https:\/\/hermandadesperanzaarahal.es\/blog\/origenes\/\"]}]},{\"@type\":\"BreadcrumbList\",\"@id\":\"https:\/\/hermandadesperanzaarahal.es\/blog\/origenes\/#breadcrumb\",\"itemListElement\":[{\"@type\":\"ListItem\",\"position\":1,\"name\":\"Portada\",\"item\":\"https:\/\/hermandadesperanzaarahal.es\/blog\/\"},{\"@type\":\"ListItem\",\"position\":2,\"name\":\"OR\u00cdGENES\"}]},{\"@type\":\"WebSite\",\"@id\":\"https:\/\/hermandadesperanzaarahal.es\/blog\/#website\",\"url\":\"https:\/\/hermandadesperanzaarahal.es\/blog\/\",\"name\":\"Web Oficial de la Real Hermandad Sacramental y Cofrad\u00eda de Nazarenos del Sant\u00edsimo Cristo de la Esperanza, Nuestra Se\u00f1ora de las Angustias, San Juan Evangelista y Santa Mar\u00eda Magdalena de Arahal (Sevilla).\",\"description\":\"Web Oficial de la Real Hermandad Sacramental y Cofrad\u00eda de Nazarenos del Sant\u00edsimo Cristo de la Esperanza, Nuestra Se\u00f1ora de las Angustias, San Juan Evangelista y Santa Mar\u00eda Magdalena de Arahal (Sevilla).\",\"publisher\":{\"@id\":\"https:\/\/hermandadesperanzaarahal.es\/blog\/#organization\"},\"alternateName\":\"Real Hermandad Sacramental y Cofrad\u00eda de Nazarenos del Sant\u00edsimo Cristo de la Esperanza, Nuestra Se\u00f1ora de las Angustias, San Juan Evangelista y Santa Mar\u00eda Magdalena de Arahal (Sevilla)\",\"potentialAction\":[{\"@type\":\"SearchAction\",\"target\":{\"@type\":\"EntryPoint\",\"urlTemplate\":\"https:\/\/hermandadesperanzaarahal.es\/blog\/?s={search_term_string}\"},\"query-input\":{\"@type\":\"PropertyValueSpecification\",\"valueRequired\":true,\"valueName\":\"search_term_string\"}}],\"inLanguage\":\"es\"},{\"@type\":\"Organization\",\"@id\":\"https:\/\/hermandadesperanzaarahal.es\/blog\/#organization\",\"name\":\"Real Hermandad Sacramental del Sant\u00edsimo Cristo de la Esperanza, Nuestra Se\u00f1ora de las Angustias, San Juan Evangelista y Santa Mar\u00eda Magdalena\",\"alternateName\":\"Real Hermandad Sacramental del Sant\u00edsimo Cristo de la Esperanza - Arahal (Sevilla)\",\"url\":\"https:\/\/hermandadesperanzaarahal.es\/blog\/\",\"logo\":{\"@type\":\"ImageObject\",\"inLanguage\":\"es\",\"@id\":\"https:\/\/hermandadesperanzaarahal.es\/blog\/#\/schema\/logo\/image\/\",\"url\":\"https:\/\/hermandadesperanzaarahal.es\/blog\/wp-content\/uploads\/2021\/03\/ESCUDO-HERMANDAD-ESPERANZA-ARAHAL.png\",\"contentUrl\":\"https:\/\/hermandadesperanzaarahal.es\/blog\/wp-content\/uploads\/2021\/03\/ESCUDO-HERMANDAD-ESPERANZA-ARAHAL.png\",\"width\":1793,\"height\":2472,\"caption\":\"Real Hermandad Sacramental del Sant\u00edsimo Cristo de la Esperanza, Nuestra Se\u00f1ora de las Angustias, San Juan Evangelista y Santa Mar\u00eda Magdalena\"},\"image\":{\"@id\":\"https:\/\/hermandadesperanzaarahal.es\/blog\/#\/schema\/logo\/image\/\"},\"sameAs\":[\"https:\/\/www.facebook.com\/RealHermandadEsperanzaDeArahal\",\"https:\/\/x.com\/hesperanzarahal\"]}]}<\/script>\n<!-- \/ Yoast SEO plugin. -->","yoast_head_json":{"title":"OR\u00cdGENES","description":"Identificar con cierto peso objetivo cu\u00e1les fueron los or\u00edgenes de la Hermandad de la Esperanza, y especialmente ubicar temporal o hist\u00f3ricamente sus","robots":{"index":"index","follow":"follow","max-snippet":"max-snippet:-1","max-image-preview":"max-image-preview:large","max-video-preview":"max-video-preview:-1"},"canonical":"https:\/\/hermandadesperanzaarahal.es\/blog\/origenes\/","og_locale":"es_ES","og_type":"article","og_title":"OR\u00cdGENES","og_description":"Identificar con cierto peso objetivo cu\u00e1les fueron los or\u00edgenes de la Hermandad de la Esperanza, y especialmente ubicar temporal o hist\u00f3ricamente sus","og_url":"https:\/\/hermandadesperanzaarahal.es\/blog\/origenes\/","og_site_name":"Real Hermandad Sacramental del Sant\u00edsimo Cristo de la Esperanza, Nuestra Se\u00f1ora de las Angustias, San Juan Evangelista y Santa Mar\u00eda Magdalena","article_publisher":"https:\/\/www.facebook.com\/RealHermandadEsperanzaDeArahal","article_modified_time":"2020-12-15T11:42:52+00:00","og_image":[{"width":512,"height":512,"url":"https:\/\/hermandadesperanzaarahal.es\/blog\/wp-content\/uploads\/2021\/03\/escudo512.jpg","type":"image\/jpeg"}],"twitter_card":"summary_large_image","twitter_site":"@hesperanzarahal","twitter_misc":{"Tiempo de lectura":"3 minutos"},"schema":{"@context":"https:\/\/schema.org","@graph":[{"@type":"WebPage","@id":"https:\/\/hermandadesperanzaarahal.es\/blog\/origenes\/","url":"https:\/\/hermandadesperanzaarahal.es\/blog\/origenes\/","name":"OR\u00cdGENES","isPartOf":{"@id":"https:\/\/hermandadesperanzaarahal.es\/blog\/#website"},"datePublished":"2013-10-17T16:48:40+00:00","dateModified":"2020-12-15T11:42:52+00:00","description":"Identificar con cierto peso objetivo cu\u00e1les fueron los or\u00edgenes de la Hermandad de la Esperanza, y especialmente ubicar temporal o hist\u00f3ricamente sus","breadcrumb":{"@id":"https:\/\/hermandadesperanzaarahal.es\/blog\/origenes\/#breadcrumb"},"inLanguage":"es","potentialAction":[{"@type":"ReadAction","target":["https:\/\/hermandadesperanzaarahal.es\/blog\/origenes\/"]}]},{"@type":"BreadcrumbList","@id":"https:\/\/hermandadesperanzaarahal.es\/blog\/origenes\/#breadcrumb","itemListElement":[{"@type":"ListItem","position":1,"name":"Portada","item":"https:\/\/hermandadesperanzaarahal.es\/blog\/"},{"@type":"ListItem","position":2,"name":"OR\u00cdGENES"}]},{"@type":"WebSite","@id":"https:\/\/hermandadesperanzaarahal.es\/blog\/#website","url":"https:\/\/hermandadesperanzaarahal.es\/blog\/","name":"Web Oficial de la Real Hermandad Sacramental y Cofrad\u00eda de Nazarenos del Sant\u00edsimo Cristo de la Esperanza, Nuestra Se\u00f1ora de las Angustias, San Juan Evangelista y Santa Mar\u00eda Magdalena de Arahal (Sevilla).","description":"Web Oficial de la Real Hermandad Sacramental y Cofrad\u00eda de Nazarenos del Sant\u00edsimo Cristo de la Esperanza, Nuestra Se\u00f1ora de las Angustias, San Juan Evangelista y Santa Mar\u00eda Magdalena de Arahal (Sevilla).","publisher":{"@id":"https:\/\/hermandadesperanzaarahal.es\/blog\/#organization"},"alternateName":"Real Hermandad Sacramental y Cofrad\u00eda de Nazarenos del Sant\u00edsimo Cristo de la Esperanza, Nuestra Se\u00f1ora de las Angustias, San Juan Evangelista y Santa Mar\u00eda Magdalena de Arahal (Sevilla)","potentialAction":[{"@type":"SearchAction","target":{"@type":"EntryPoint","urlTemplate":"https:\/\/hermandadesperanzaarahal.es\/blog\/?s={search_term_string}"},"query-input":{"@type":"PropertyValueSpecification","valueRequired":true,"valueName":"search_term_string"}}],"inLanguage":"es"},{"@type":"Organization","@id":"https:\/\/hermandadesperanzaarahal.es\/blog\/#organization","name":"Real Hermandad Sacramental del Sant\u00edsimo Cristo de la Esperanza, Nuestra Se\u00f1ora de las Angustias, San Juan Evangelista y Santa Mar\u00eda Magdalena","alternateName":"Real Hermandad Sacramental del Sant\u00edsimo Cristo de la Esperanza - Arahal (Sevilla)","url":"https:\/\/hermandadesperanzaarahal.es\/blog\/","logo":{"@type":"ImageObject","inLanguage":"es","@id":"https:\/\/hermandadesperanzaarahal.es\/blog\/#\/schema\/logo\/image\/","url":"https:\/\/hermandadesperanzaarahal.es\/blog\/wp-content\/uploads\/2021\/03\/ESCUDO-HERMANDAD-ESPERANZA-ARAHAL.png","contentUrl":"https:\/\/hermandadesperanzaarahal.es\/blog\/wp-content\/uploads\/2021\/03\/ESCUDO-HERMANDAD-ESPERANZA-ARAHAL.png","width":1793,"height":2472,"caption":"Real Hermandad Sacramental del Sant\u00edsimo Cristo de la Esperanza, Nuestra Se\u00f1ora de las Angustias, San Juan Evangelista y Santa Mar\u00eda Magdalena"},"image":{"@id":"https:\/\/hermandadesperanzaarahal.es\/blog\/#\/schema\/logo\/image\/"},"sameAs":["https:\/\/www.facebook.com\/RealHermandadEsperanzaDeArahal","https:\/\/x.com\/hesperanzarahal"]}]}},"_links":{"self":[{"href":"https:\/\/hermandadesperanzaarahal.es\/blog\/wp-json\/wp\/v2\/pages\/61","targetHints":{"allow":["GET"]}}],"collection":[{"href":"https:\/\/hermandadesperanzaarahal.es\/blog\/wp-json\/wp\/v2\/pages"}],"about":[{"href":"https:\/\/hermandadesperanzaarahal.es\/blog\/wp-json\/wp\/v2\/types\/page"}],"author":[{"embeddable":true,"href":"https:\/\/hermandadesperanzaarahal.es\/blog\/wp-json\/wp\/v2\/users\/1"}],"replies":[{"embeddable":true,"href":"https:\/\/hermandadesperanzaarahal.es\/blog\/wp-json\/wp\/v2\/comments?post=61"}],"version-history":[{"count":1,"href":"https:\/\/hermandadesperanzaarahal.es\/blog\/wp-json\/wp\/v2\/pages\/61\/revisions"}],"predecessor-version":[{"id":2664,"href":"https:\/\/hermandadesperanzaarahal.es\/blog\/wp-json\/wp\/v2\/pages\/61\/revisions\/2664"}],"wp:attachment":[{"href":"https:\/\/hermandadesperanzaarahal.es\/blog\/wp-json\/wp\/v2\/media?parent=61"}],"curies":[{"name":"wp","href":"https:\/\/api.w.org\/{rel}","templated":true}]}}